 What is the remainder when 62 is divided by u(-2)?
18
Suppose -l - 10 = -4. Suppose -5*b + 99 - 24 = 0. Calculate the remainder when (-344)/l - (-1)/(-3) is divided by b.
12
Suppose -2*g - 5*b = -8, -b - 11 = -3*g + 2*g. Let r be (-2)/8 + g/(-12). What is the remainder when 17 is divided by (r + -3)/(8/(-12))?
5
Suppose -5*c = -s + 27, 0 = -3*s - 2*c - 4. Suppose -l + s*l - 11 = 0. Calculate the remainder when 20 is divided by l.
9
Suppose -3*o + 4*a = -674, 0*o + 5*a - 193 = -o. Suppose 5*i - o = 612. Let n = -95 + i. Calculate the remainder when n is divided by 24.
23
Let r(c) = 5*c - 3. Let a(l) = -21*l + 11. Let m(u) = 6*a(u) + 26*r(u). Let q be m(9). Suppose f - 8 = q. What is the remainder when f is divided by 17?
15
Let v(y) = -15*y + 2. Let m = -13 + 8. Calculate the remainder when v(m) is divided by 20.
17
Let u(l) = -l**3 - 5*l**2 + 2*l + 4. Let x be u(-5). What is the remainder when (-112)/x - 5/(-15) is divided by 7?
5
Let b = 51 - 16. What is the remainder when b is divided by 15?
5
Suppose 2*i + 14 = 3*i. Let p = 2 + 0. Suppose 3*j = 7*j - 5*k - 79, 2*j - 62 = -p*k. What is the remainder when j is divided by i?
12
Let m = 514 - 279. Let u = m + -165. What is the remainder when u is divided by 24?
22
Suppose 3*d - 4*d + 19 = 0. Let m(b) = -b**2 + 10*b - 14. What is the remainder when d is divided by m(7)?
5
Let a = 108 + -54. Calculate the remainder when a is divided by 19.
16
Let c(h) be the second derivative of -h**4/6 - 7*h**3/6 - 5*h**2/2 + 2*h. Let s be c(-4). Let m = 25 + s. Calculate the remainder when 30 is divided by m.
14
Let l(n) = -n - 6. Suppose 3*p + 10 + 11 = 0. Calculate the remainder when 3 is divided by l(p).
0
Suppose 5*r + 2*b - 78 = 365, 2*r = -2*b + 176. What is the remainder when r is divided by 46?
43
Suppose -i - 82 - 5 = -5*v, 36 = 2*v - i. Suppose -q + 0*q + 27 = t, -85 = -3*q + t. Calculate the remainder when q is divided by v.
11
Suppose 0 = -t - 5*z + 19, 2*t - 2*z - 26 = -0*t. Let o = 21 + t. What is the remainder when o is divided by 12?
11
Let y be 6/8 - (-1)/4. Suppose 2*p + y - 13 = 0. Calculate the remainder when p is divided by 4.
2
Let z(w) = 2*w**2 - 4*w + 12. Suppose 0 = -5*j + a + 11 + 16, 8 = -4*a. Let m = 10 + 12. What is the remainder when z(j) is divided by m?
20
Suppose 8*c - 4*c - 103 = -3*f, 0 = -4*c - 2*f + 102. Calculate the remainder when 2 + c + 2 + -1 is divided by 10.
8
Let j(k) = 3*k - 7. Suppose 0 = 3*w, -4*w + 33 = a - 8. What is the remainder when a is divided by j(6)?
8
Suppose -5*m + 2*j = -29, -m + 9 = -4*j + 2*j. What is the remainder when 13 - m/(5/2) is divided by 6?
5
Let l be 3 + -4 - (-2 - -3). Suppose -20 + 4 = -2*k. Calculate the remainder when k is divided by (-4 - l)*(-10)/4.
3
Let l be (-26)/3*(-6)/(-4). Let w = l + 44. What is the remainder when w is divided by 8?
7
Let r = -15 + 25. Calculate the remainder when 2/4*(7 - -51) is divided by r.
9
Suppose -3*a = 5*x - 48, -108 = -5*a - 0*x + x. Suppose 0 = o + 2*o - a. What is the remainder when 27 is divided by o?
6
Let d(p) = 53*p + 5. What is the remainder when d(2) is divided by 28?
27
Let f(d) = 3*d + 31. What is the remainder when 151 is divided by f(0)?
27
What is the remainder when ((-1)/(-1))/((-2)/(-38)) is divided by 0 + 1 + 2 + 2?
4
Let z = -93 + 151. What is the remainder when z is divided by 12?
10
Let o(k) = -k**2 - 3*k - 4. Let z be o(-4). Let u be 128*-1 + (-8 - z). Let v = u - -198. Calculate the remainder when v is divided by 24.
22
Let u(q) be the first derivative of 9*q**2 - q + 2. Suppose 0 = r + 3*s + 14, 0*s + s = -5. Calculate the remainder when 32 is divided by u(r).
15
Suppose 0*l - 2 = 2*m + 2*l, 0 = 2*m + 5*l + 5. Suppose m = -5*i - 0*i + 110. Suppose -c = c - 16. What is the remainder when i is divided by c?
6
Suppose -p + 5 = -s - 19, 56 = 2*p + 2*s. Calculate the remainder when p is divided by 10.
6
Let m be (-1 - 0) + (-6 - -4). Let b(k) = -5*k - 1. What is the remainder when (21/4 + -2)*8 is divided by b(m)?
12
What is the remainder when 143 is divided by (-1710)/(-33) + -4 + 4/22?
47
Let y(a) be the third derivative of -a**6/120 + a**5/12 + a**4/12 + a**3/3 - 2*a**2. What is the remainder when ((-6)/9)/((-1)/51) is divided by y(5)?
10
Let h(x) = x**3 + 9*x**2 - 19*x - 75. Let i(m) = 2*m**2 + 3*m - 6. Calculate the remainder when i(-5) is divided by h(-10).
14
Let f = 11 + 7. Let u(j) = 65*j + 5. Let r be u(4). Suppose l = -4*l + r. Calculate the remainder when l is divided by f.
17
Let x = -110 + 137. Calculate the remainder when 50 is divided by x.
23
Let o(t) = -t**2 + 5*t + 4. Let b be o(5). Suppose -2*m = 2*l - 4*l - 48, -l = b*m - 71. Suppose -2*i = -14 - 58. What is the remainder when i is divided by m?
17
Let k = 26 - 12. Let z(w) = -w**2 - w + 2*w + 3*w**3 - 1 - 2*w**3. Calculate the remainder when k is divided by z(2).
4
Let u(j) = -j**3 + 5*j**2 - 5*j + 3. Let c = -55 - -71. Calculate the remainder when c is divided by u(3).
4
Let m = 2 + -1. Let k(r) = r + r - 3 - m. What is the remainder when 22 is divided by k(6)?
6
Suppose 4*l + 3*r = 207, -42 - 158 = -4*l + 4*r. Calculate the remainder when l is divided by 8.
3
Let c = -77 + 97. What is the remainder when 0 - (3 + -2)*-37 is divided by c?
17
Let s(w) = w**2 - 8*w + 7. Let r be s(8). Suppose -5*m - 2 + r = -2*u, 0 = 3*m - 9. What is the remainder when 8 is divided by u?
3
Let d(s) = -2*s + 4. What is the remainder when 85 is divided by d(-9)?
19
Let b(o) = o - 3. Let p be b(5). Suppose 10 = p*g - 10. Let j = -13 + 41. What is the remainder when j is divided by g?
8
Let z be (-2)/(-5)*(1 + 4). Suppose 0 = 2*c - z*v - 6, v = 2 - 1. Calculate the remainder when c is divided by 2.
0
Let z(w) = -w - 11. Let f be z(-12). Calculate the remainder when 0 + 3 + f + 2 is divided by 4.
2
Let r be (-9)/(-4) - 3/12. Let b(c) = -6*c**3 - c**2 - c. What is the remainder when 1/r - (-38)/4 is divided by b(-1)?
4
Let x = 9 - 6. Calculate the remainder when -1 + -2 + (6 - -2) is divided by 4/x*(-6)/(-4).
1
Suppose 5*x + 6 = 1. Let o be x/(-1) + (-8)/2. Let y = o - -8. Calculate the remainder when 13 is divided by y.
3
Let s(h) = -h**3 + h**2 - 4*h + 4. Let u be s(3). Let k = u + 44. What is the remainder when k is divided by 7?
4
Let y = 67 + -12. Suppose 2*m = -3*m + y. Calculate the remainder when 30 is divided by m.
8
Let s = 150 + -115. What is the remainder when 69 is divided by s?
34
Suppose 0 = 2*v + 4*s - 7 - 3, v = 4*s + 29. Suppose -9 = 3*c - 2*c + 3*k, -2*k - 5 = c. Suppose x - c*x + 8 = 0. What is the remainder when v is divided by x?
1
Let b(j) = j**2 + 6*j - 8. What is the remainder when b(5) is divided by 17?
13
Calculate the remainder when -63*7*4/(-12) is divided by 37.
36
Let b(x) = 20*x**3 + x**2 - x + 1. Calculate the remainder when 83 is divided by b(1).
20
Suppose -3*s - 71 = -5*p, -4*s + 2*s = 4. Suppose -a - 9 = 2*a. Calculate the remainder when 76/(-3)*a/2 is divided by p.
12
Suppose -2*z - 68 = -6*z. What is the remainder when z is divided by 1 - (0 + -16)/2?
8
Suppose 2*n = d - 237, 4*n - d - 4*d + 465 = 0. Let f be 309/(-4) + (-3)/(-12). Let s = f - n. Calculate the remainder when s is divided by 15.
13
Let p = -48 - -102. Calculate the remainder when p is divided by 20.
14
Suppose 78*z = 77*z + 44. Calculate the remainder when z is divided by 12.
8
Let x(p) = p**2 + 7*p + 3. Suppose 6*j - 3*j - 63 = 0. Calculate the remainder when j is divided by x(-8).
10
Calculate the remainder when -1 + 0 + 12 + 1 is divided by (((-1)/(-1))/((-6)/18))/(-1).
0
Let o(y) = y - 4. Let g be o(8). Suppose 9 = g*p - 143. Calculate the remainder when p is divided by 20.
18
Let q(y) = -1. Let g(s) = -s**3 - s**2 - s - 6. Let h = -3 + 4. Let l(c) = h*g(c) - 4*q(c). Calculate the remainder when l(-2) is divided by 2.
0
Let n(k) be the first derivative of 2*k**2 - 13*k + 1. What is the remainder when 59 is divided by n(11)?
28
Let r be (-32)/(-12)*3/2. Suppose -3*p + 30 = -3*f, p - r*f - 20 = -p. Let i = p + -5. Calculate the remainder when 9 is divided by i.
4
Suppose -5*r + 25 = -5*y, -2*y - 19 = r - 4*r. Calculate the remainder when 34 is divided by r.
7
Suppose -66 = 7*i - 10*i. Calculate the remainder when 40 is divided by i.
18
Let d(k) = k**2 + 11*k + 23. Calculate the remainder when 22 is divided by d(-9).
2
Let s =